ulate the greatest common divisor of 309 and 328982.
103
What is the greatest common factor of 6 and 3804?
6
What is the greatest common divisor of 136610 and 190?
190
Calculate the greatest common divisor of 264 and 1562.
22
What is the greatest common factor of 145971 and 42?
21
What is the highest common factor of 138 and 1134222?
138
What is the highest common divisor of 1864 and 280?
8
What is the highest common factor of 122 and 3352499?
61
Calculate the highest common factor of 798 and 378.
42
What is the highest common factor of 23604 and 4144?
28
What is the greatest common divisor of 64769 and 813?
271
Calculate the highest common divisor of 135928 and 26.
26
What is the highest common factor of 54100 and 300?
100
What is the highest common factor of 455 and 12558?
91
Calculate the greatest common factor of 6 and 10497.
3
Calculate the greatest common factor of 122150 and 315.
35
What is the greatest common factor of 143 and 4810?
13
What is the highest common factor of 1402088 and 8?
8
Calculate the highest common divisor of 339668 and 56.
28
What is the greatest common factor of 10816 and 9074?
26
What is the greatest common factor of 2828 and 2976672?
404
What is the highest common factor of 13 and 41731?
1
Calculate the greatest common factor of 16821 and 64792.
623
What is the highest common factor of 125665 and 1845?
205
What is the greatest common factor of 24584224 and 224?
224
Calculate the greatest common divisor of 465 and 2123035.
155
Calculate the greatest common divisor of 43054 and 5852.
418
What is the highest common divisor of 15 and 87995?
5
Calculate the greatest common divisor of 72 and 895464.
72
Calculate the greatest common divisor of 3565 and 42842.
31
Calculate the highest common divisor of 112439 and 2455.
491
What is the greatest common factor of 68 and 15164?
68
What is the greatest common divisor of 1935 and 598689?
387
What is the greatest common factor of 918 and 2347938?
306
Calculate the highest common divisor of 238 and 205394.
238
What is the highest common divisor of 39713 and 453?
151
Calculate the highest common divisor of 1155 and 71115.
165
What is the highest common divisor of 201978 and 735?
147
Calculate the highest common factor of 6 and 382542.
6
Calculate the greatest common divisor of 111894 and 306.
102
Calculate the greatest common divisor of 46998 and 5922.
126
What is the highest common divisor of 2006540 and 4100?
820
What is the highest common factor of 8 and 8356?
4
What is the greatest common divisor of 334 and 1440542?
334
What is the greatest common divisor of 2590048 and 928?
928
Calculate the highest common factor of 116842 and 423.
47
What is the highest common divisor of 1240822 and 22?
22
What is the greatest common divisor of 656127 and 513?
513
Calculate the highest common factor of 680005 and 3070.
1535
Calculate the highest common factor of 54932 and 20378.
886
What is the greatest common divisor of 10961438 and 758?
758
Calculate the highest common divisor of 40 and 28310.
10
What is the highest common factor of 141 and 393?
3
What is the greatest common factor of 554120 and 40?
40
Calculate the highest common factor of 105 and 64659.
21
Calculate the highest common divisor of 8 and 44416.
8
Calculate the highest common divisor of 14 and 42322.
14
Calculate the highest common factor of 27972 and 35076.
444
Calculate the highest common factor of 6392 and 1020.
68
Calculate the highest common divisor of 8616 and 168.
24
What is the greatest common factor of 1250 and 1379375?
625
What is the highest common divisor of 3528 and 8376?
24
Calculate the highest common factor of 5057 and 24427.
13
What is the greatest common divisor of 629632 and 96?
32
Calculate the highest common factor of 36232 and 42.
14
Calculate the highest common factor of 1793392 and 16.
16
Calculate the greatest common divisor of 2211 and 429.
33
Calculate the highest common factor of 811 and 3262653.
811
What is the greatest common divisor of 76 and 831668?
76
What is the greatest common divisor of 1175295 and 2550?
255
Calculate the highest common divisor of 28469 and 91924.
343
What is the greatest common factor of 38 and 931019?
19
What is the greatest common divisor of 120184 and 498?
166
What is the greatest common factor of 12245628 and 1464?
732
What is the highest common factor of 114237 and 351?
27
Calculate the highest common factor of 1182 and 97712.
394
Calculate the greatest common divisor of 2985530 and 10.
10
Calculate the highest common divisor of 149262 and 12.
6
Calculate the highest common divisor of 150 and 58.
2
Calculate the greatest common divisor of 255 and 26085.
15
Calculate the highest common divisor of 602 and 463712.
86
What is the highest common divisor of 61183 and 1159?
61
Calculate the greatest common divisor of 204 and 11356.
68
Calculate the greatest common divisor of 60 and 5556.
12
Calculate the highest common factor of 201665 and 10.
5
Calculate the greatest common factor of 39728 and 32.
16
Calculate the greatest common factor of 72237 and 220.
11
Calculate the highest common factor of 31224 and 24.
24
Calculate the highest common divisor of 464742 and 63.
9
What is the highest common factor of 168 and 46988?
4
What is the greatest common factor of 5565 and 3045?
105
What is the greatest common factor of 364400 and 320?
80
What is the highest common factor of 28 and 71414?
14
What is the highest common divisor of 109099 and 237?
79
What is the greatest common factor of 259840 and 2048?
256
Calculate the greatest common divisor of 50 and 8675.
25
Calculate the highest common factor of 112364 and 28.
28
What is the highest common divisor of 120 and 135?
15
Calculate the highest common factor of 60225 and 146.
73
What is the highest common divisor of 945 and 3220?
35
Calculate the greatest common factor of 869 and 526219.
79
Calculate the highest common divisor of 272948 and 247.
13
Calculate the highest common factor of 215 and 2795.
215
What is the highest common factor of 470 and 97807?
47
What is the greatest common divisor of 3444 and 76?
4
Calculate the greatest common divisor of 145092 and 1017.
339
Calculate the greatest common divisor of 12306 and 1050.
42
Calculate the highest common factor of 266 and 38.
38
What is the greatest common divisor of 564 and 2528412?
564
What is the highest common factor of 4199 and 57?
19
Calculate the greatest common factor of 3149766 and 486.
486
What is the greatest common factor of 163320 and 1080?
120
What is the greatest common factor of 7468 and 1741911?
1867
Calculate the greatest common divisor of 10512 and 83439.
657
What is the greatest common factor of 17 and 4494018?
17
What is the highest common divisor of 6812 and 9568?
52
Calculate the highest common divisor of 829100 and 100.
100
Calculate the greatest common factor of 434 and 108283.
217
What is the highest common divisor of 5550 and 570?
30
Calculate the highest common divisor of 2402840 and 172.
172
Calculate the greatest common divisor of 6237 and 11592.
63
What is the highest common factor of 182221 and 19474?
1391
What is the highest common divisor of 13625 and 500?
125
What is the greatest common divisor of 8 and 3908?
4
What is the highest common divisor of 25382 and 413?
7
Calculate the greatest common divisor of 112731 and 106.
53
Calculate the greatest common factor of 9516 and 1014.
78
Calculate the greatest common factor of 88425 and 15327.
1179
What is the greatest common divisor of 456 and 1182?
6
What is the greatest common factor of 15 and 1103820?
15
What is the highest common divisor of 211967 and 7075?
283
What is the highest common factor of 73789 and 226?
113
Calculate the greatest common divisor of 173823 and 1209.
39
Calculate the highest common factor of 19560 and 14040.
120
What is the greatest common factor of 15111 and 803?
73
What is the greatest common factor of 183 and 9117121?
61
What is the highest common divisor of 489136 and 304?
304
What is the highest common factor of 265 and 3473885?
265
Calculate the greatest common divisor of 132678 and 4446.
234
What is the highest common factor of 11840 and 3700?
740
What is the highest common divisor of 217836 and 18?
18
What is the greatest common factor of 57974 and 275023?
7